 11 + 88*n**2. What is f(8)?
-3
Let g(y) = -2*y**2 - y + 1. Let q(i) = -4*i**2 - i + 1. Let b(z) = 3*g(z) - 2*q(z). Suppose -d + 2*d = 1. Calculate b(d).
2
Let c(s) be the third derivative of -s**5/30 + 5*s**4/4 - 14*s**3/3 - 167*s**2. Calculate c(14).
0
Let n(y) = 44*y - 13*y + 4*y. What is n(1)?
35
Let b(y) = -5*y**2 - 21 + 20 + 4*y**2 + 2*y - 32*y**3. Determine b(1).
-32
Let g = -4 + 3. Let z(m) = 5*m**2 + 5*m + 1. Let k(x) = -4*x - 1. Let s(d) = -5*k(d) - 4*z(d). Determine s(g).
-19
Let h(c) = c + 3. Let x be h(6). Let s be (-9)/(-3) + (-3)/(-3) + -2. Let m(w) = -x - 1 + s*w + 8 - w. What is m(2)?
0
Suppose 0 = f - 5*x - 11, 2*f + 2*f + 3*x - 44 = 0. Let k(o) = o**3 - 11*o**2 + o - 6. What is k(f)?
5
Let x(d) = 2*d**2 - d. Suppose 5*s - 22 = -4*g + 10, -g = -5*s + 17. Suppose 0 = -2*u + s - 2. Suppose -3*b = 4*r + 4, -3*b + u = r - 2*r. Calculate x(r).
3
Let f(i) = i - 3. Let y(t) = 3*t + 3 - 5*t + 6 - 2*t. Let s(a) = 7*f(a) + 2*y(a). What is s(-4)?
1
Let m(q) be the second derivative of -q**3/6 + 3*q**2 + 7*q + 33. Determine m(11).
-5
Let b(c) be the third derivative of -c**5/30 - c**4/24 + c**3/6 + c**2. Let d = -99 + 102. Suppose d*q - 17 = -t, -3*t = -4*t - q + 7. What is b(t)?
-9
Let j be 0/(-3) + -3 + -2 + 10. Let m = 14 + -10. Let y(i) = -4 - m + 2 + 2*i. Determine y(j).
4
Let h(j) = -j + 1. Let s(r) = -6*r - 6. Let q be s(0). Let g be (-4)/6*10 + (-4)/q. Calculate h(g).
7
Let n(i) = -54*i**2 - 2*i - 1. Suppose 14 = -32*m - 18. Calculate n(m).
-53
Let v(t) be the second derivative of 17*t**3/6 - t**2 - 252*t. Determine v(1).
15
Suppose 0 = 5*n - 10*n - 70. Let o be (-1)/(-3) + n/(-3). Suppose 2*d - 7 = 5*s, -1 = o*s - s + 3*d. Let r(i) = 4*i. Determine r(s).
-4
Suppose -4*k + 21 = -3*y, 5*y = 3*k + 6*y - 6. Let l(b) = -3*b - 8. Let u(o) = -o - 3. Let d(z) = 3*l(z) - 8*u(z). Give d(k).
-3
Let t(w) = 8*w**2 + 4 - 2 - w**3 + 3*w - 4 + 0 - 13*w**2. What is t(-5)?
-17
Let c be (2*(-8)/(-12))/(5/15). Let i(a) be the second derivative of -a**3 + 5*a**2/2 - 5*a. Determine i(c).
-19
Let q(t) = -5*t**3 - 33*t**2 - t - 16. Let b(j) = 769*j**2 + 2*j**3 + 4 - j**3 - 761*j**2. Let c(r) = -9*b(r) - 2*q(r). Calculate c(6).
8
Let a(d) be the second derivative of -d**8/3360 + d**7/2520 - d**6/720 - d**5/120 + 5*d**4/3 + 18*d. Let r(h) be the third derivative of a(h). What is r(-2)?
21
Let g be ((-336)/(-40))/(9/30). Suppose 16*s + g - 12 = 0. Let y(w) be the first derivative of 2*w**3 + w**2 + w - 1. Give y(s).
5
Let o(p) be the third derivative of -p**5/20 - p**3/3 + 3*p**2. Let i(d) = -d**2. Let n(s) = 7*i(s) - 2*o(s). Give n(0).
4
Suppose -n + 5*n = 0. Let p(k) be the third derivative of k**7/5040 - k**6/120 + k**5/20 - 4*k**2. Let l(o) be the third derivative of p(o). Determine l(n).
-6
Let m(w) = 5*w - 1. Let g(c) = -c**3 + c**2 + c + 17. Let d be g(0). Suppose 4*k - d = 3. Suppose 4*a - 4 = 4*i, 4 = k*a + 2*i - 1. What is m(a)?
4
Let h(p) = -p**3 + 10*p**2 + p - 3. Let l(o) = -o**2 - 53*o - 452. Let b be l(-42). What is h(b)?
7
Let i(c) = -8*c + 2*c + 4*c - 2 + 2 - 3. What is i(-4)?
5
Let d = -561 + 561. Let z(c) be the third derivative of d*c + 0 + 1/12*c**4 + 1/6*c**3 - 5*c**2. Calculate z(-1).
-1
Let t(c) be the first derivative of 2*c**3/3 + 11*c**2/2 - 21*c - 255. Give t(2).
9
Let i(g) = -g**2 - 6*g + 1. Suppose -2 = -u + 3*c - 4*c, 5*u + 3*c - 14 = 0. Suppose -6*x + 3*x + 28 = -u*v, -2*x - 28 = 4*v. Give i(v).
-6
Let m(v) = -2*v + 1. Let t be m(3). Let p(x) be the first derivative of 7*x + 1/3*x**3 - 8 + 4*x**2. Give p(t).
-8
Let p(a) be the second derivative of 7/6*a**3 + 0 + 0*a**2 + 1/24*a**4 - 1/60*a**5 + 6*a. Let v(l) be the second derivative of p(l). Give v(2).
-3
Let l(p) be the second derivative of p**5/4 + p**4/12 - p**3/6 + p**2/2 + p. Suppose 5*u - 3*j = 2, 598*u - 600*u = -3*j + 1. Give l(u).
6
Let d(x) be the third derivative of -x**8/20160 + x**7/5040 + x**6/180 - 11*x**5/60 - 16*x**2. Let f(g) be the third derivative of d(g). What is f(5)?
-16
Let h(j) = 18*j + 43. Let d(m) = -5*m + 1. Let w(y) = -3*d(y) - h(y). Determine w(-12).
-10
Suppose 0 = 30*q - 55 - 485. Let h(l) = 4*l - 73. Calculate h(q).
-1
Let q(a) = -6*a - 4. Let d(m) = 7*m + 5. Let o(z) = 3*d(z) + 4*q(z). Let c be (-3)/((-3)/8) + -3. Suppose -c*b - 12 = -b. Determine o(b).
8
Let t(o) = -16*o**3 + 4*o**2 - 4*o - 2. Let i(s) = -23*s**3 + 6*s**2 - 6*s - 3. Let w(p) = 5*i(p) - 7*t(p). Give w(-1).
6
Let p(w) = -w**2 + 8*w - 5. Let i(q) = 14*q - q + 11*q**2 - 11 - q**3 + 5. Let f be i(12). Give p(f).
7
Let s = 26 - 23. Let c(q) = q - 4*q**2 + q**s + 2*q - q**2 + 0*q - 3. Calculate c(3).
-12
Let l(j) = -6*j + 4 + 1 + j**2 - 4. Let n be ((-2 + 8)/(10/4))/(158/395). Determine l(n).
1
Let g(v) = v**2 + v - 3. Let b be g(-3). Suppose -b*k - 4*n + 6 = 0, -k + 2*k - 4*n = 2. Let p(d) = 4 + 9*d - 6 + d**k - 4*d. Calculate p(-5).
-2
Let b(u) = u. Let l be 54/(-21) - 9*(-5)/(-105). Calculate b(l).
-3
Let t(d) = 5*d - 57. Let z be t(12). Let r(m) = m**3 - 2*m**2 - 3*m. Calculate r(z).
0
Let b(m) = 11*m**2 + 17*m. Let u(v) = 9*v**2 + 16*v + 1. Let c(a) = -4*b(a) + 5*u(a). Calculate c(-12).
5
Suppose 21 + 28 = 49*t. Let d(n) be the second derivative of -21*n**5/20 - n**4/12 + 2*n. What is d(t)?
-22
Let v(a) = 3*a**2 - 6*a + 11. Let n(w) = w**2 - w + 3. Let l(k) = -4*n(k) + v(k). Give l(0).
-1
Let n(y) = -23*y**3 - 2*y**2 + 1. Let t = 349 + -350. Determine n(t).
22
Suppose 8*u - 24 + 0 = 0. Suppose 3*a = 3*p - 0*p + 30, -3*p = u*a - 12. Let z(y) = 4*y - 4. What is z(a)?
24
Let c(d) be the second derivative of -d**4/12 - d**3/2 + 3*d**2 - d. Let f be c(-4). Let r(t) = 6 + 4*t + 3*t**2 + t**f - 3 - 3*t**2. What is r(-3)?
0
Let g(n) = n**2 + 9*n + 9. Let z be (-4)/(-4 - -8) - (5 - -2). Give g(z).
1
Let j(x) be the third derivative of x**9/20160 + x**8/6720 + x**7/1260 + x**6/240 - 17*x**5/30 + 10*x**2. Let v(q) be the third derivative of j(q). Give v(-2).
-17
Let m(w) be the third derivative of w**6/360 + w**4/24 + w**3/6 - w**2. Let i(r) be the first derivative of m(r). Let j = -247 - -247. Determine i(j).
1
Suppose 0 = 2*p - 3 + 9. Let g(y) = -6*y**2 - 8*y + 6. Let h(j) = -7*j**2 - 9*j + 7. Let v(k) = 6*g(k) - 5*h(k). Determine v(p).
1
Let y(c) be the first derivative of c**4/4 - 5*c**3/3 + 5*c + 472. Determine y(5).
5
Suppose i = 4*b - i - 24, b - 2*i - 9 = 0. Let v(n) = -3*n + 21. Determine v(b).
6
Let x(c) be the first derivative of -c**3/3 + c**2/2 + 179. Let h(g) = g - 2. Let q be h(6). Suppose 4*a - 10 = -0*a + 2*u, 0 = -2*a - q*u. Calculate x(a).
-2
Let m(s) be the first derivative of 7 - 3*s + 1/2*s**2. What is m(-4)?
-7
Suppose -163 = -14*l - 37. Let s(a) = -a**3 + 10*a**2 - 13*a + 6. Determine s(l).
-30
Let h be (-4)/5 + -4 + 128/(-40). Let v(c) = c**3 + 9*c**2 + 6*c - 3. Give v(h).
13
Let q(p) = 7*p - 5. Let a(v) = v + 1. Let d(n) = 2*n + 5. Let y(f) = 4*a(f) - d(f). Let u(l) = 2*q(l) - 9*y(l). Give u(2).
-9
Suppose 2*c - 4 = -5*v, -v - 3*c - 15 = -4*v. Let n(b) = -3*b + v*b - 6 + 0 + 2. Give n(-8).
4
Let z = -36 - -38. Let u(r) = z*r**2 - 5 - r**2 - 2 - 3*r. What is u(5)?
3
Let x(z) = z**3 - 13*z**2 - 3*z - 9. Let q be (-124)/(-8) - (5 + (-10)/4). Calculate x(q).
-48
Let t(r) = 5*r**2 + 9*r - 9. Let z(n) = -8*n**2 - 17*n + 17. Let o(q) = 5*t(q) + 3*z(q). Give o(5).
1
Let u(n) = n**3 - 2. Let h be (6 - (-57)/(-9))*-6. Calculate u(h).
6
Let d(m) = -m**2 + m - 1. Let u(h) = -4*h**2 + 2*h + 3. Let x(a) = 3*d(a) - u(a). Let z = 264 - 264. What is x(z)?
-6
Let x(z) = -8*z**2 + 1. Let w be ((-1)/2)/((-36)/8 - -5). Give x(w).
-7
Let j(n) be the third derivative of -1/6*n**3 + 0*n + 1/30*n**6 + 0 - 1/24*n**4 - 13*n**2 + 0*n**5. What is j(-1)?
-4
Let g(z) = 3*z - 8. Let c be (-370)/50 + 4/10. What is g(c)?
-29
Let o(d) = d**2 + 2*d - 1. Let f be (-3 + (-5)/(-2))*0. Let q(x) = -3*x + 1. Let j be q(-1). Suppose f = -0*s + 2*s + j. What is o(s)?
-1
Let k(m) = -3*m**3 + m**2 - m + 2. Let w(b) = -19*b**3 - 7*b**2 - 6*b + 9. Let f(o) = -6*k(o) + w(o). What is f(-13)?
-3
Let b(n) be the third derivative of -n**5/60 - 19*n**4/24 + 4*n**3/3 - 23*n**2 - 4. Determine b(-19).
8
Suppose 9*v = 10*v - 30. Let o(j) = -v - 32 + 2*j + j + 60. Calculate o(6).
16
Let w(t) = -t**2 - 12*t - 19. Let n be w(-10). Let u(f) = -2*f + 4 + n - 1 + 2. Determine u(5).
-4
Suppose 0 = 3*s - 3*k - 3, -k + 1